{"id":318,"date":"2015-09-10T10:33:30","date_gmt":"2015-09-10T13:33:30","guid":{"rendered":"https:\/\/sagrado.edu.uy\/?page_id=318"},"modified":"2020-12-21T13:41:19","modified_gmt":"2020-12-21T16:41:19","slug":"pastoral","status":"publish","type":"page","link":"https:\/\/sagrado.edu.uy\/index.php\/el-colegio\/pastoral\/","title":{"rendered":"Pastoral"},"content":{"rendered":"\t\t<div data-elementor-type=\"wp-post\" data-elementor-id=\"318\" class=\"elementor elementor-318\">\n\t\t\t\t\t\t<section class=\"elementor-section elementor-top-section elementor-element elementor-element-4dac960 elementor-section-boxed elementor-section-height-default elementor-section-height-default\" data-id=\"4dac960\" data-element_type=\"section\">\n\t\t\t\t\t\t<div class=\"elementor-container elementor-column-gap-default\">\n\t\t\t\t\t<div class=\"elementor-column elementor-col-100 elementor-top-column elementor-element elementor-element-18ae9868\" data-id=\"18ae9868\" data-element_type=\"column\">\n\t\t\t<div class=\"elementor-widget-wrap elementor-element-populated\">\n\t\t\t\t\t\t<div class=\"elementor-element elementor-element-3c77b7e elementor-widget elementor-widget-heading\" data-id=\"3c77b7e\" data-element_type=\"widget\" data-widget_type=\"heading.default\">\n\t\t\t\t<div class=\"elementor-widget-container\">\n\t\t\t\t\t<h3 class=\"elementor-heading-title elementor-size-default\">Dimensi\u00f3n pastoral<\/h3>\t\t\t\t<\/div>\n\t\t\t\t<\/div>\n\t\t\t\t<section class=\"elementor-section elementor-inner-section elementor-element elementor-element-0505af0 elementor-section-boxed elementor-section-height-default elementor-section-height-default\" data-id=\"0505af0\" data-element_type=\"section\">\n\t\t\t\t\t\t<div class=\"elementor-container elementor-column-gap-default\">\n\t\t\t\t\t<div class=\"elementor-column elementor-col-50 elementor-inner-column elementor-element elementor-element-817bc94\" data-id=\"817bc94\" data-element_type=\"column\">\n\t\t\t<div class=\"elementor-widget-wrap elementor-element-populated\">\n\t\t\t\t\t\t<div class=\"elementor-element elementor-element-b1968bc elementor-widget elementor-widget-text-editor\" data-id=\"b1968bc\" data-element_type=\"widget\" data-widget_type=\"text-editor.default\">\n\t\t\t\t<div class=\"elementor-widget-container\">\n\t\t\t\t\t\t\t\t\t<p class=\"zw-paragraph\"><span class=\"zw-portion\">La Pasto<\/span><span class=\"zw-portion\">ral <\/span><span class=\"zw-portion\">atraviesa la propuesta educativa<\/span><span class=\"zw-portion\">, haci\u00e9ndose p<\/span><span class=\"zw-portion\">resente en todas las dimensiones <\/span><span class=\"zw-portion\">de la vida institucional.<\/span><\/p><p class=\"zw-paragraph\"><span class=\"zw-portion\">Educamos para la vida desde la persona de Jes\u00fas, desde su Evangelio, una educaci\u00f3n integral\u00a0 que hace crecer la vida humana<\/span><span class=\"zw-portion\"> iluminando <\/span><span class=\"zw-portion\">la realidad de cada persona y de su contexto.<\/span><\/p><p class=\"zw-paragraph\"><span class=\"zw-portion\">Propiciamos que toda expres<\/span><span class=\"zw-portion\">i\u00f3n educativa est\u00e9 iluminada por<\/span><span class=\"zw-portion\"> los valores <\/span><span class=\"zw-portion\">de Jes\u00fas,<\/span><span class=\"zw-portion\"> siguiendo la <\/span><span class=\"zw-portion\">l\u00ednea de nuestra Espiritualidad, como colegio del Sagrado Coraz\u00f3n.<\/span><\/p><p class=\"zw-paragraph\"><span class=\"zw-portion\">El Equipo de Pastoral<\/span><span class=\"zw-portion\">,<\/span><span class=\"zw-portion\"> formado por catequistas<\/span><span class=\"zw-portion\"> y <\/span><span class=\"zw-portion\">coordinadora<\/span><span class=\"zw-portion\">,<\/span><span class=\"zw-portion\"> es el que lleva adelante y anima<\/span><span class=\"zw-portion\">,<\/span><span class=\"zw-portion\"> en coordinaci\u00f3n con los distintos sectores,<\/span><span class=\"zw-portion\"> todas las actividades <\/span><span class=\"zw-portion\">pastorales. Celebraciones significativas y tradicionales de la comunidad educativa como el D\u00eda de la Familia, Sta Magdalena Sof\u00eda, Sagrado Coraz\u00f3n y Mater y\u00a0 <\/span><span class=\"zw-portion\">celebraciones<\/span><span class=\"zw-portion\"> y actividades <\/span><span class=\"zw-portion\">en los tiempos lit\u00fargicos,<\/span><span class=\"zw-portion\"> as\u00ed como<\/span><span class=\"zw-portion\">\u00a0<\/span><span class=\"zw-portion\">fiesta<\/span><span class=\"zw-portion\"> de fin de curso<\/span><span class=\"zw-portion\">s<\/span><span class=\"zw-portion\">.<\/span><span class=\"zw-portion\">\u00a0<\/span><span class=\"zw-portion\">Tambi\u00e9n <\/span><span class=\"zw-portion\">realiza <\/span><span class=\"zw-portion\">proyectos de aula <\/span><span class=\"zw-portion\">vinculados a la pastoral <\/span><span class=\"zw-portion\">y <\/span><span class=\"zw-portion\">e<\/span><span class=\"zw-portion\">ncuentros y espacios de formaci\u00f3n para educadores<\/span><span class=\"zw-portion\">.<\/span><\/p>\t\t\t\t\t\t\t\t<\/div>\n\t\t\t\t<\/div>\n\t\t\t\t\t<\/div>\n\t\t<\/div>\n\t\t\t\t<div class=\"elementor-column elementor-col-50 elementor-inner-column elementor-element elementor-element-d3463aa\" data-id=\"d3463aa\" data-element_type=\"column\">\n\t\t\t<div class=\"elementor-widget-wrap elementor-element-populated\">\n\t\t\t\t\t\t<div class=\"elementor-element elementor-element-5eaafbb elementor-widget elementor-widget-image\" data-id=\"5eaafbb\" data-element_type=\"widget\" data-widget_type=\"image.default\">\n\t\t\t\t<div class=\"elementor-widget-container\">\n\t\t\t\t\t\t\t\t\t\t\t\t\t\t\t<img fetchpriority=\"high\" decoding=\"async\" width=\"724\" height=\"1024\" src=\"https:\/\/i0.wp.com\/sagrado.edu.uy\/wp-content\/uploads\/2020\/12\/WhatsApp-Image-2020-12-21-at-10.29.00.jpeg?fit=724%2C1024&amp;ssl=1\" class=\"attachment-large size-large wp-image-2500\" alt=\"\" srcset=\"https:\/\/i0.wp.com\/sagrado.edu.uy\/wp-content\/uploads\/2020\/12\/WhatsApp-Image-2020-12-21-at-10.29.00.jpeg?w=794&amp;ssl=1 794w, https:\/\/i0.wp.com\/sagrado.edu.uy\/wp-content\/uploads\/2020\/12\/WhatsApp-Image-2020-12-21-at-10.29.00.jpeg?resize=212%2C300&amp;ssl=1 212w, https:\/\/i0.wp.com\/sagrado.edu.uy\/wp-content\/uploads\/2020\/12\/WhatsApp-Image-2020-12-21-at-10.29.00.jpeg?resize=724%2C1024&amp;ssl=1 724w, https:\/\/i0.wp.com\/sagrado.edu.uy\/wp-content\/uploads\/2020\/12\/WhatsApp-Image-2020-12-21-at-10.29.00.jpeg?resize=768%2C1086&amp;ssl=1 768w\" sizes=\"(max-width: 724px) 100vw, 724px\" \/>\t\t\t\t\t\t\t\t\t\t\t\t\t\t\t<\/div>\n\t\t\t\t<\/div>\n\t\t\t\t<div class=\"elementor-element elementor-element-e7cb277 elementor-widget elementor-widget-image\" data-id=\"e7cb277\" data-element_type=\"widget\" data-widget_type=\"image.default\">\n\t\t\t\t<div class=\"elementor-widget-container\">\n\t\t\t\t\t\t\t\t\t\t\t\t\t\t\t<img decoding=\"async\" width=\"300\" height=\"160\" src=\"https:\/\/i0.wp.com\/sagrado.edu.uy\/wp-content\/uploads\/2019\/10\/WhatsApp-Image-2019-10-19-at-09.24.53.jpeg?fit=300%2C160&amp;ssl=1\" class=\"attachment-medium size-medium wp-image-2321\" alt=\"\" srcset=\"https:\/\/i0.wp.com\/sagrado.edu.uy\/wp-content\/uploads\/2019\/10\/WhatsApp-Image-2019-10-19-at-09.24.53.jpeg?w=1600&amp;ssl=1 1600w, https:\/\/i0.wp.com\/sagrado.edu.uy\/wp-content\/uploads\/2019\/10\/WhatsApp-Image-2019-10-19-at-09.24.53.jpeg?resize=300%2C160&amp;ssl=1 300w, https:\/\/i0.wp.com\/sagrado.edu.uy\/wp-content\/uploads\/2019\/10\/WhatsApp-Image-2019-10-19-at-09.24.53.jpeg?resize=768%2C409&amp;ssl=1 768w, https:\/\/i0.wp.com\/sagrado.edu.uy\/wp-content\/uploads\/2019\/10\/WhatsApp-Image-2019-10-19-at-09.24.53.jpeg?resize=1024%2C545&amp;ssl=1 1024w, https:\/\/i0.wp.com\/sagrado.edu.uy\/wp-content\/uploads\/2019\/10\/WhatsApp-Image-2019-10-19-at-09.24.53.jpeg?w=1500&amp;ssl=1 1500w\" sizes=\"(max-width: 300px) 100vw, 300px\" \/>\t\t\t\t\t\t\t\t\t\t\t\t\t\t\t<\/div>\n\t\t\t\t<\/div>\n\t\t\t\t<div class=\"elementor-element elementor-element-b7591b4 elementor-widget elementor-widget-video\" data-id=\"b7591b4\" data-element_type=\"widget\" data-settings=\"{&quot;youtube_url&quot;:&quot;https:\\\/\\\/www.youtube.com\\\/watch?v=xSUzYQa1lkw&quot;,&quot;video_type&quot;:&quot;youtube&quot;,&quot;controls&quot;:&quot;yes&quot;}\" data-widget_type=\"video.default\">\n\t\t\t\t<div class=\"elementor-widget-container\">\n\t\t\t\t\t\t\t<div class=\"elementor-wrapper elementor-open-inline\">\n\t\t\t<div class=\"elementor-video\"><\/div>\t\t<\/div>\n\t\t\t\t\t\t<\/div>\n\t\t\t\t<\/div>\n\t\t\t\t\t<\/div>\n\t\t<\/div>\n\t\t\t\t\t<\/div>\n\t\t<\/section>\n\t\t\t\t<div class=\"elementor-element elementor-element-a12529c elementor-widget elementor-widget-heading\" data-id=\"a12529c\" data-element_type=\"widget\" data-widget_type=\"heading.default\">\n\t\t\t\t<div class=\"elementor-widget-container\">\n\t\t\t\t\t<h2 class=\"elementor-heading-title elementor-size-default\">La Catequesis<\/h2>\t\t\t\t<\/div>\n\t\t\t\t<\/div>\n\t\t\t\t<div class=\"elementor-element elementor-element-9589194 elementor-widget elementor-widget-text-editor\" data-id=\"9589194\" data-element_type=\"widget\" data-widget_type=\"text-editor.default\">\n\t\t\t\t<div class=\"elementor-widget-container\">\n\t\t\t\t\t\t\t\t\t<p class=\"zw-paragraph\"><\/p><p class=\"zw-paragraph\"><span class=\"zw-portion\">El <\/span><span class=\"zw-portion\">Coleg<\/span><span class=\"zw-portion\">io promueve una Catequesis expl\u00ed<\/span><span class=\"zw-portion\">cita y sistem\u00e1tica<\/span><span class=\"zw-portion\"> como m<\/span><span class=\"zw-portion\">edio necesario para fav<\/span><span class=\"zw-portion\">orecer el<\/span><span class=\"zw-portion\"> crecimiento en<\/span><span class=\"zw-portion\"> la fe de<\/span><span class=\"zw-portion\"> los ni\u00f1os y <\/span><span class=\"zw-portion\">ado<\/span><span class=\"zw-portion\">lescentes as\u00ed como de <\/span><span class=\"zw-portion\">toda la <\/span><span class=\"zw-portion\">C<\/span><span class=\"zw-portion\">omunidad <\/span><span class=\"zw-portion\">E<\/span><span class=\"zw-portion\">ducativa.<\/span><\/p><p class=\"zw-paragraph\"><span class=\"zw-portion\">Este<\/span><span class=\"zw-portion\"> proceso de formaci\u00f3n comienza<\/span><span class=\"zw-portion\"> desde <\/span><span class=\"zw-portion\">Nivel Inicial <\/span><span class=\"zw-portion\">.<\/span><span class=\"zw-portion\">A<\/span><span class=\"zw-portion\"> trav\u00e9s de la catequesis los ni\u00f1os dan sus primeros pasos en relacionarse con Dios de una manera sencilla y espont\u00e1nea<\/span><span class=\"zw-portion\">: <\/span><span class=\"zw-portion\">admirando su obra creadora y descubriendo a Jes\u00fas, como<\/span><span class=\"zw-portion\"> un<\/span><span class=\"zw-portion\"> hermano f<\/span><span class=\"zw-portion\">iel que nos acompa\u00f1a en la<\/span><span class=\"zw-portion\"> vida<\/span><span class=\"zw-portion\">. Se\u00a0 inician<\/span><span class=\"zw-portion\"> en la oraci\u00f3n personal y comunitaria <\/span><span class=\"zw-portion\">a trav\u00e9s de canciones y momentos de reflexi\u00f3n.<\/span><\/p><p class=\"zw-paragraph\"><span class=\"zw-portion\">En<\/span><span class=\"zw-portion\"> Primaria <\/span><span class=\"zw-portion\">de 1\u00ba a 6\u00ba<\/span><span class=\"zw-portion\"> a\u00f1o<\/span><span class=\"zw-portion\">\u00a0<\/span><span class=\"zw-portion\">s<\/span><span class=\"zw-portion\">e trata de propiciar un espacio donde cada ni\u00f1o viva un encuentro personal con Jes\u00fas, descub<\/span><span class=\"zw-portion\">ri\u00e9ndolo a trav\u00e9s de la Palabra <\/span><span class=\"zw-portion\">y del encuentro sincero con el otro.<\/span><span class=\"zw-portion\">\u00a0<\/span><span class=\"zw-portion\">Semanalmente se desarrolla la catequesis en el aula, y hay momentos de oraci\u00f3n comunitaria.<\/span><span class=\"zw-portion\">\u00a0<\/span><span class=\"zw-portion\">La\u00a0 maestra\u00a0 acompa\u00f1a al catequista en cada instancia<\/span><span class=\"zw-portion\">.<\/span><\/p><p class=\"zw-paragraph\"><span class=\"zw-portion\">Las <\/span><span class=\"zw-portion\">actividades extracurriculares<\/span><span class=\"zw-portion\"> se constituyen en momentos\u00a0 privilegiados para esta Educaci\u00f3n Integradora. Son instancias de encuentro personal y comunitario, y de mayor contacto con la naturaleza. Se realizan en todos los grupos jornadas de integraci\u00f3n grupal a principio de a\u00f1o<\/span><span class=\"zw-portion\"> y otras instancias en el correr del <\/span><span class=\"zw-portion\">mismo<\/span><span class=\"zw-portion\">:<\/span><span class=\"zw-portion\"> dormilonas en el colegio para 1\u00ba y 2\u00ba, campamentos para 3\u00ba, 4\u00ba y 6\u00ba; viaje <\/span><span class=\"zw-portion\">de 5\u00ba a\u00f1o a Buenos Aires compartiendo<\/span><span class=\"zw-portion\"> con alumnos de los dos colegios de la Congregaci\u00f3n en esa ciudad<\/span><span class=\"zw-portion\">.<\/span><\/p><p class=\"zw-paragraph\"><span class=\"zw-portion\">La catequesis en <\/span><span class=\"zw-portion\">Secundaria<\/span><span class=\"zw-portion\">\u00a0<\/span><span class=\"zw-portion\">busca ofrecer a los adolescentes elementos <\/span><span class=\"zw-portion\">que les permitan <\/span><span class=\"zw-portion\">ir <\/span><span class=\"zw-portion\">creciendo en la f\u00e9 y en el conocimiento de la persona de Jes\u00fas, brind\u00e1ndoles lo necesario para prepararse en la construcci\u00f3n de un proyecto de vida cristiano. A los que reci\u00e9n se integran al colegio, se los acompa\u00f1a en los primeros pasos<\/span><span class=\"zw-portion\"> de este camino.<\/span><\/p><p><span class=\"zw-portion\">D<\/span><span class=\"zw-portion\">esde hace varios a\u00f1os <\/span><span class=\"zw-portion\">la catequesis sacramental<\/span><span class=\"zw-portion\">\u00a0<\/span><span class=\"zw-portion\"> se prepara en conj<\/span><span class=\"zw-portion\">unto con la Parroquia<\/span><span class=\"zw-portion\"> San Jos\u00e9 Obrero de Paso Carrasco<\/span><span class=\"zw-portion\">,<\/span><span class=\"zw-portion\"> buscando una mayor identidad eclesial y <\/span><span class=\"zw-portion\">una forma<\/span><span class=\"zw-portion\">\u00a0<\/span><span class=\"zw-portion\">de <\/span><span class=\"zw-portion\">pertenencia a la Iglesia local. El <\/span><span class=\"zw-portion\">C<\/span><span class=\"zw-portion\">olegio ofrece un espacio abierto a ni\u00f1os del barrio para compartir<\/span><span class=\"zw-portion\"> la<\/span><span class=\"zw-portion\"> preparaci\u00f3n de<\/span><span class=\"zw-portion\"> los<\/span><span class=\"zw-portion\"> Sacramentos, una propuesta de c<\/span><span class=\"zw-portion\">atequesis familiar donde los ni\u00f1os concurren semanalmente y los padre<\/span><span class=\"zw-portion\">s tienen su <\/span><span class=\"zw-portion\">encuentro quincenal, complement\u00e1<\/span><span class=\"zw-portion\">ndo<\/span><span class=\"zw-portion\">se<\/span><span class=\"zw-portion\"> con encuentros familiares en la Parroquia.<\/span><\/p>\t\t\t\t\t\t\t\t<\/div>\n\t\t\t\t<\/div>\n\t\t\t\t\t<\/div>\n\t\t<\/div>\n\t\t\t\t\t<\/div>\n\t\t<\/section>\n\t\t\t\t<\/div>\n\t\t","protected":false},"excerpt":{"rendered":"<p>Dimensi\u00f3n pastoral La Pastoral atraviesa la propuesta educativa, haci\u00e9ndose presente en todas las dimensiones de la vida institucional. Educamos para la vida desde la persona de Jes\u00fas, desde su Evangelio, una educaci\u00f3n integral\u00a0 que hace crecer la vida humana iluminando la realidad de cada persona y de su contexto. Propiciamos [&hellip;]<\/p>\n","protected":false},"author":1,"featured_media":0,"parent":7,"menu_order":4,"comment_status":"closed","ping_status":"closed","template":"","meta":{"jetpack_post_was_ever_published":false,"footnotes":""},"jetpack_sharing_enabled":true,"jetpack_shortlink":"https:\/\/wp.me\/P7txoW-58","_links":{"self":[{"href":"https:\/\/sagrado.edu.uy\/index.php\/wp-json\/wp\/v2\/pages\/318"}],"collection":[{"href":"https:\/\/sagrado.edu.uy\/index.php\/wp-json\/wp\/v2\/pages"}],"about":[{"href":"https:\/\/sagrado.edu.uy\/index.php\/wp-json\/wp\/v2\/types\/page"}],"author":[{"embeddable":true,"href":"https:\/\/sagrado.edu.uy\/index.php\/wp-json\/wp\/v2\/users\/1"}],"replies":[{"embeddable":true,"href":"https:\/\/sagrado.edu.uy\/index.php\/wp-json\/wp\/v2\/comments?post=318"}],"version-history":[{"count":13,"href":"https:\/\/sagrado.edu.uy\/index.php\/wp-json\/wp\/v2\/pages\/318\/revisions"}],"predecessor-version":[{"id":2503,"href":"https:\/\/sagrado.edu.uy\/index.php\/wp-json\/wp\/v2\/pages\/318\/revisions\/2503"}],"up":[{"embeddable":true,"href":"https:\/\/sagrado.edu.uy\/index.php\/wp-json\/wp\/v2\/pages\/7"}],"wp:attachment":[{"href":"https:\/\/sagrado.edu.uy\/index.php\/wp-json\/wp\/v2\/media?parent=318"}],"curies":[{"name":"wp","href":"https:\/\/api.w.org\/{rel}","templated":true}]}}