{"id":229,"date":"2015-08-30T23:11:47","date_gmt":"2015-08-30T23:11:47","guid":{"rendered":"https:\/\/sagrado.edu.uy\/?page_id=229"},"modified":"2020-11-10T09:26:52","modified_gmt":"2020-11-10T12:26:52","slug":"otras-actividades-y-servicios","status":"publish","type":"page","link":"https:\/\/sagrado.edu.uy\/index.php\/niveles\/otras-actividades-y-servicios\/","title":{"rendered":"Otras Actividades y Servicios"},"content":{"rendered":"\t\t<div data-elementor-type=\"wp-page\" data-elementor-id=\"229\" class=\"elementor elementor-229\">\n\t\t\t\t\t\t<section class=\"elementor-section elementor-top-section elementor-element elementor-element-4f0adf0e elementor-section-boxed elementor-section-height-default elementor-section-height-default\" data-id=\"4f0adf0e\" data-element_type=\"section\">\n\t\t\t\t\t\t<div class=\"elementor-container elementor-column-gap-default\">\n\t\t\t\t\t<div class=\"elementor-column elementor-col-100 elementor-top-column elementor-element elementor-element-2fe6d48c\" data-id=\"2fe6d48c\" data-element_type=\"column\">\n\t\t\t<div class=\"elementor-widget-wrap elementor-element-populated\">\n\t\t\t\t\t\t<div class=\"elementor-element elementor-element-36e4906e elementor-widget elementor-widget-text-editor\" data-id=\"36e4906e\" data-element_type=\"widget\" data-widget_type=\"text-editor.default\">\n\t\t\t\t<div class=\"elementor-widget-container\">\n\t\t\t\t\t\t\t\t\t<h2><span style=\"color: #993300; font-family: tahoma, arial, helvetica, sans-serif;\">OTRAS ACTIVIDADES<\/span><\/h2>\n<ul>\n<li><span style=\"font-family: tahoma, arial, helvetica, sans-serif;\"><span style=\"color: #993300;\">PASTORALES :<\/span>&nbsp;Catequesis familiar en conjunto con la Parroquia, celebraciones y encuentros<\/span><\/li>\n<li><span style=\"font-family: tahoma, arial, helvetica, sans-serif;\"><span style=\"color: #993300;\">RECREATIVAS :<\/span> Campamentos, dormilonas, salidas did\u00e1cticas, convivencias con colegios de la Congregaci\u00f3n.<\/span><\/li>\n<li><span style=\"font-family: tahoma, arial, helvetica, sans-serif;\"><span style=\"color: #993300;\">SOCIALES :<\/span> Comisi\u00f3n de padres y madres del colegio, encuentros con las familias.<\/span><\/li>\n<\/ul>\n<h2><span style=\"color: #993300; font-family: tahoma, arial, helvetica, sans-serif;\">OTROS SERVICIOS<\/span><\/h2>\n<div><span style=\"color: #993300; font-family: tahoma, arial, helvetica, sans-serif;\">DEPARTAMENTO DE PSICOPEDAGOGIA&nbsp;<\/span><\/div>\n<ul>\n<li><span style=\"font-family: tahoma, arial, helvetica, sans-serif;\">Acompa\u00f1amiento a docentes y ni\u00f1os<\/span><\/li>\n<li><span style=\"font-family: tahoma, arial, helvetica, sans-serif;\">Asesoramiento a familias<\/span><\/li>\n<li><span style=\"font-family: tahoma, arial, helvetica, sans-serif;\">Talleres para padres<\/span><\/li>\n<\/ul>\n<p><span style=\"font-weight: 400; font-family: tahoma, arial, helvetica, sans-serif; color: #993300;\">BIBLIOTECA<\/span><\/p>\n<div><span style=\"color: #993300; font-family: tahoma, arial, helvetica, sans-serif;\">COMEDOR<\/span><\/div>\n<div><span style=\"font-family: tahoma, arial, helvetica, sans-serif;\">La Instituci\u00f3n cuenta con instalaciones donde los alumnos comparten el almuerzo que traen de sus hogares en un \u00e1mbito muy c\u00e1lido y ameno.<\/span><\/div>\n<p><\/p>\n<figure class=\"wp-block-image\"><img fetchpriority=\"high\" decoding=\"async\" width=\"3891\" height=\"2108\" src=\"https:\/\/i1.wp.com\/sagrado.edu.uy\/wp-content\/uploads\/2019\/07\/OTRAS-ACTIVIDADES-1.jpg?fit=750%2C406&amp;ssl=1\" alt=\"\" class=\"wp-image-2208\" srcset=\"https:\/\/i0.wp.com\/sagrado.edu.uy\/wp-content\/uploads\/2019\/07\/OTRAS-ACTIVIDADES-1.jpg?w=3891&amp;ssl=1 3891w, https:\/\/i0.wp.com\/sagrado.edu.uy\/wp-content\/uploads\/2019\/07\/OTRAS-ACTIVIDADES-1.jpg?resize=300%2C163&amp;ssl=1 300w, https:\/\/i0.wp.com\/sagrado.edu.uy\/wp-content\/uploads\/2019\/07\/OTRAS-ACTIVIDADES-1.jpg?resize=768%2C416&amp;ssl=1 768w, https:\/\/i0.wp.com\/sagrado.edu.uy\/wp-content\/uploads\/2019\/07\/OTRAS-ACTIVIDADES-1.jpg?resize=1024%2C555&amp;ssl=1 1024w, https:\/\/i0.wp.com\/sagrado.edu.uy\/wp-content\/uploads\/2019\/07\/OTRAS-ACTIVIDADES-1.jpg?w=1500&amp;ssl=1 1500w, https:\/\/i0.wp.com\/sagrado.edu.uy\/wp-content\/uploads\/2019\/07\/OTRAS-ACTIVIDADES-1.jpg?w=2250&amp;ssl=1 2250w\" sizes=\"(max-width: 750px) 100vw, 750px\" \/><\/figure>\n<p><\/p>\t\t\t\t\t\t\t\t<\/div>\n\t\t\t\t<\/div>\n\t\t\t\t\t<\/div>\n\t\t<\/div>\n\t\t\t\t\t<\/div>\n\t\t<\/section>\n\t\t\t\t<\/div>\n\t\t","protected":false},"excerpt":{"rendered":"<p>OTRAS ACTIVIDADES PASTORALES :&nbsp;Catequesis familiar en conjunto con la Parroquia, celebraciones y encuentros RECREATIVAS : Campamentos, dormilonas, salidas did\u00e1cticas, convivencias con colegios de la Congregaci\u00f3n. SOCIALES : Comisi\u00f3n de padres y madres del colegio, encuentros con las familias. OTROS SERVICIOS DEPARTAMENTO DE PSICOPEDAGOGIA&nbsp; Acompa\u00f1amiento a docentes y ni\u00f1os Asesoramiento a [&hellip;]<\/p>\n","protected":false},"author":2,"featured_media":0,"parent":9,"menu_order":4,"comment_status":"closed","ping_status":"closed","template":"","meta":{"jetpack_post_was_ever_published":false,"footnotes":""},"jetpack_sharing_enabled":true,"jetpack_shortlink":"https:\/\/wp.me\/P7txoW-3H","_links":{"self":[{"href":"https:\/\/sagrado.edu.uy\/index.php\/wp-json\/wp\/v2\/pages\/229"}],"collection":[{"href":"https:\/\/sagrado.edu.uy\/index.php\/wp-json\/wp\/v2\/pages"}],"about":[{"href":"https:\/\/sagrado.edu.uy\/index.php\/wp-json\/wp\/v2\/types\/page"}],"author":[{"embeddable":true,"href":"https:\/\/sagrado.edu.uy\/index.php\/wp-json\/wp\/v2\/users\/2"}],"replies":[{"embeddable":true,"href":"https:\/\/sagrado.edu.uy\/index.php\/wp-json\/wp\/v2\/comments?post=229"}],"version-history":[{"count":9,"href":"https:\/\/sagrado.edu.uy\/index.php\/wp-json\/wp\/v2\/pages\/229\/revisions"}],"predecessor-version":[{"id":2486,"href":"https:\/\/sagrado.edu.uy\/index.php\/wp-json\/wp\/v2\/pages\/229\/revisions\/2486"}],"up":[{"embeddable":true,"href":"https:\/\/sagrado.edu.uy\/index.php\/wp-json\/wp\/v2\/pages\/9"}],"wp:attachment":[{"href":"https:\/\/sagrado.edu.uy\/index.php\/wp-json\/wp\/v2\/media?parent=229"}],"curies":[{"name":"wp","href":"https:\/\/api.w.org\/{rel}","templated":true}]}}